on divisor of x and i.
13
Let i(w) = 195*w**3 + w. Let r be i(1). What is the greatest common factor of r and 28?
28
Let g be 8/(-6)*(-11)/((-66)/(-18)). Suppose g*f = 6*x - 4*x - 44, 5*f - 88 = -4*x. What is the highest common divisor of 11 and x?
11
Let f(b) = -9*b - 46. Let a be f(-6). What is the greatest common divisor of a and 32?
8
Let z = 100 - 94. Let p be 1*z*(8 - 7). What is the greatest common factor of 1 and p?
1
Let r(p) = p - 11. Let c be r(13). Let b(z) = -3 + 3*z + 4 + c*z - 4. Let w be b(2). What is the greatest common factor of 77 and w?
7
Suppose w - l - 16 = 0, -w - 92 = -5*w - 3*l. Let k = -14 + 24. What is the highest common divisor of w and k?
10
Suppose 25*r - 459 = 2016. What is the highest common factor of 429 and r?
33
Let y = -39 + 1339. What is the highest common divisor of 25 and y?
25
Let i = 35 - 23. Suppose 0 = -11*r + 272 + 124. Calculate the greatest common factor of r and i.
12
Let v be -12*(-3 - 3/(-2)). Let o(p) = 8*p**2 - 3*p. Let k be o(-3). Suppose 20 = n + 2*a - 7, -k = -3*n - a. What is the highest common factor of v and n?
9
Suppose -u = 4*t - 8*t - 20, -u = 3*t + 1. Let d = u - 8. Let h = d - -5. Calculate the highest common factor of 5 and h.
5
Let r(k) = -3*k - 1. Let i = 8 + -10. Let h be r(i). Let j be h/10*72*4. What is the highest common factor of j and 18?
18
Let x = 1866 - 1857. Let l be 2 + 3/(3/2). Suppose -l*q = -1 - 11. Calculate the highest common factor of q and x.
3
Let y(n) = n**3 - n**2 - 7*n + 3. Suppose 5*m - 40 = 3*i, -11 - 4 = -2*m + i. Let w be y(m). What is the greatest common divisor of w and 17?
17
Suppose -5*h = 5*h - 7360. Suppose -3*q - 5*c + 552 = 0, -4*q = 6*c - 10*c - h. Calculate the greatest common factor of 8 and q.
8
Suppose 0 = -5*g - 3*l - l - 26, -8 = 2*l. Let p = 0 - g. Let v be (-7)/(14/(-38)) + 3. Calculate the highest common factor of p and v.
2
Suppose 0 = -6*p + 4 + 8. Suppose -4*q - 3 - 1 = -3*f, -p*q = -4. Calculate the highest common divisor of f and 8.
4
Suppose 4*s + 3 = -5, -229 = -3*i + 2*s. Calculate the greatest common divisor of i and 15.
15
Let x = -9 - -12. Let d be (0 - 1/1) + x. Suppose k = 2 + d. Calculate the greatest common divisor of 2 and k.
2
Let b(f) = f**2 + 16*f - 10. Let p be b(-20). Suppose p = h - 2*v, 198 = 4*h + 5*v - 95. Calculate the greatest common divisor of 108 and h.
36
Suppose 195 = 79*y - 76*y. Let z(o) = o**2 + o + 10. Let j be z(6). Calculate the highest common divisor of j and y.
13
Let r(p) = p**2 - 6*p - 4. Let q be r(6). Let f be (22 - -3) + 16/q. What is the greatest common divisor of f and 3?
3
Let t be 1/((-6)/(-28))*3. Let n(p) = -p + 13. Suppose -44 = x - 22. Let d be n(x). Calculate the highest common divisor of d and t.
7
Let d(b) = -b**3 + 9*b**2 + 20*b + 10. Let q be d(10). What is the greatest common divisor of 1595 and q?
55
Suppose 3*v = 2*y + 238, 2*v - 106 - 50 = 4*y. What is the greatest common factor of 112 and v?
16
Suppose -26 - 6 = -m + 4*j, 0 = 5*m + 2*j - 116. What is the greatest common divisor of m and 27?
3
Suppose -11*w + 7*w + 280 = 0. What is the greatest common divisor of w and 28?
14
Let r be (336 - -19)*(3 + -2). What is the highest common divisor of r and 5?
5
Let o be (-1 - 1 - 0)*(-40)/16. Suppose -2*g + 122 = j, -4*j + 371 = -j + o*g. Calculate the greatest common factor of 33 and j.
33
Let t(o) = -9*o**2 - 32*o. Let x be t(-3). What is the highest common divisor of x and 27?
3
Suppose o + s = 3, -2*o + 5*o = 3*s - 21. Let n(d) = d**2 + d + 4. Let w be n(o). Calculate the greatest common factor of 78 and w.
6
Let w(g) = 3*g - 21. Let j be w(7). Suppose 3*v + 0*v - 2*o - 571 = 0, j = -4*o - 20. Calculate the greatest common divisor of 17 and v.
17
Let z be (-2*1)/(6/(-24)). Let n be 6/(-4) + 84/z. Suppose 173 = 5*b + 38. Calculate the highest common factor of n and b.
9
Suppose 11*s + 3*y - 3079 = -61, 0 = -y + 5. Calculate the highest common divisor of 182 and s.
91
Let l = -15 + 19. Suppose 0 = l*d - d - 54. What is the greatest common factor of d and 27?
9
Let p = 15 - -3. Let j be (p/27)/((-1)/(-54)). Calculate the highest common factor of j and 36.
36
Let i(f) = -f**2 + 5*f + 17. Let m be i(4). What is the greatest common divisor of 35 and m?
7
Let y(s) be the second derivative of 13*s**4/3 + 2*s**3/3 + s**2 + 19*s. Let z be y(-1). Calculate the greatest common divisor of 20 and z.
10
Suppose 5*u - 139 = -34. Suppose -267 = -5*s + 468. What is the highest common factor of u and s?
21
Let l = -137 - -239. What is the highest common divisor of 6 and l?
6
Let v be (-44)/(-154) + (-3576)/(-28). What is the greatest common divisor of 208 and v?
16
Let r(g) = -7*g + 14. Let w(x) = -104*x**2 + 5*x - 6 + 103*x**2 - x. Let q be w(4). Let a be r(q). Calculate the highest common factor of a and 7.
7
Let a(f) = -f**3 - 4*f**2 + 6*f + 4. Let t be a(-6). Let g = 42 - t. What is the greatest common divisor of 14 and g?
2
Suppose 4*m - 59 = 85. Let u = 0 + 5. Suppose u*p + 4*h = 12 + 17, -p = -4*h - 25. Calculate the highest common factor of m and p.
9
Let w(v) = v**2 - 3*v + 4. Let a be w(5). Suppose 13*k = 9*k + 28. Calculate the highest common factor of a and k.
7
Let v(o) = o**3 + 5*o**2 - 5*o + 13. Let u(c) = c**3 - 16*c**2 + c - 22. Let a be u(16). Let y be v(a). What is the greatest common factor of y and 1?
1
Suppose 4*s + 9 = 5*x + 41, 36 = 4*s - 4*x. Suppose -b + 5*i + 4 + 118 = 0, -b + 119 = -2*i. What is the highest common divisor of s and b?
13
Let a be 2/(((-20)/(-30))/((-112)/(-3))). Calculate the highest common factor of a and 16.
16
Let j be -3 + 11 - (3 + -1) - 3. Suppose 0 = -2*u - 6, -6*g + 4*g = -j*u - 47. What is the greatest common factor of 38 and g?
19
Let a be 33/9*(-5 - -2)/(-1). Let h be 2/(-12)*(-8 + 2) + a. What is the highest common divisor of h and 132?
12
Let j be ((-2)/6)/(2/(-24)). Let d = 147 + -145. Calculate the greatest common divisor of j and d.
2
Let n = 19 - 9. Suppose 14*v - 723 = -23. What is the greatest common divisor of v and n?
10
Suppose -6*a = -2 + 8. Let z be ((-24)/(-10) - 2)*(a + 126). Calculate the greatest common factor of z and 20.
10
Suppose -3*p + p + 100 = 0. Suppose -7*s + 51 = 16. Suppose -5*d + s = 0, -6*y + 2*d + 78 = -2*y. What is the highest common divisor of p and y?
10
Let o be (-4)/(-3*4/(-36)). Let g = 12 + o. Suppose 2*a - 12 = -g*a. Calculate the greatest common divisor of 24 and a.
6
Suppose -2*b + 0*b = -3*f - 22, -3*b - 4*f + 16 = 0. Calculate the highest common divisor of 32 and b.
8
Suppose 9*w = 3*w. Suppose d + 3*n - 2 = w, 3*n = n - 4. Let v be (-8)/6*-1*3. What is the greatest common factor of v and d?
4
Let r be (-8 - -13) + -1 + (-4)/2. Suppose -78 = -5*j - 2*w + 5*w, -j - r*w + 26 = 0. Calculate the greatest common divisor of j and 42.
6
Let m be 167 + 6/(-18)*3. Let j = -155 + m. Calculate the highest common factor of j and 11.
11
Suppose 16*i = -1373 + 8573. Calculate the greatest common factor of 200 and i.
50
Let w = -49 + -104. Let s = 447 + w. Calculate the greatest common divisor of 42 and s.
42
Let x be 13*((-15)/(-5) - 2) - -3. What is the greatest common factor of 80 and x?
16
Let p(b) = -27*b + 78*b - 24*b + 31 - 25*b. Let a be p(-15). Suppose -3*k + 4*u = -19, u + 16 = 4*k - 2*u. Calculate the highest common factor of k and a.
1
Let p = -110 + 185. Suppose -p = -26*z + 21*z. Calculate the greatest common divisor of z and 10.
5
Let p = 616 - 495. What is the highest common divisor of p and 33?
11
Let x be 1230/5 + (8 - 6). Calculate the highest common divisor of 31 and x.
31
Suppose 2*y = -3*r + 147, 5*y - r - 333 = 3*r. What is the highest common factor of y and 621?
69
Let v = -298 + 302. What is the greatest common factor of 84 and v?
4
Suppose 28 = -j - 3*j. Let x be (-2)/j + 54/7. Suppose 0 = o + 5*w - 3*w - x, 5 = -w. Calculate the greatest common divisor of 12 and o.
6
Suppose 4*f - d = 42, -3*f - 2 = -4*f - 4*d. Suppose o + f = -0*u + u, -u = o. Suppose 3*v - 19 = u. What is the highest common divisor of 1 and v?
1
Suppose -3*o = 9, 5*o = 4*x + 2*o - 697. What is the highest common divisor of 43 and x?
43
Let r = 9 - 5. Suppose 19 = u - 114. Suppose 3*s - u = -5*m, 0*s - 2*m - 98 = -3*s. Calculate the highest common factor of s and r.
4
Suppose h + 64 = 9*h. Let k(n) = n**3 - 8*n**2 + 3*